 + (8 - (12 + 21)).
-17
-11 + 3 + (-18 - -24 - 1)
-3
Evaluate (-1 - 43) + (-1379 - -1429).
6
-5 + (-5 - (0 + (5 - 6)))
-9
Calculate (3 - 11) + (1 - ((-11 - -15) + 6)).
-17
Calculate (-30 + -14 - -29) + 0 + -3.
-18
Evaluate (-83 - -81) + 1 + -6.
-7
Evaluate (2 - -10) + -1 + 7 + (-37 - -30).
11
What is (2 - -12) + (-14 - -11 - 7)?
4
Calculate 18 - ((-1 - 9) + 42 + -23).
9
Evaluate 10 - ((17 - 20) + (-2 - -27)).
-12
-6 - (-2 + -68) - 34
30
Evaluate 19 - (13 - 6) - 6 - 7.
-1
Calculate 4 - (-10 + -8) - 21.
1
Evaluate -2 + 2 + 2 - (-167 - -173).
-4
What is the value of -4 - (-18 + 13) - (0 + -1)?
2
Calculate (-5 - -5) + (-11 - -7).
-4
-11 + (-2 - (9 - 8 - 0))
-14
Evaluate (-1 - (-10 + -23)) + -60.
-28
21 - ((-4 + -1 - -12 - -2) + -5)
17
What is the value of (-15 - (-37 - -24)) + -1 + 4?
1
Calculate -52 + 85 + -45 + (1 - 4).
-15
What is the value of -4 - (-8 + -5 + -3 + 5 - 1)?
8
What is -17 - -5 - (89 - 98)?
-3
What is the value of -20 + 20 - ((0 - (21 - -3)) + 2)?
22
Evaluate -32 + (13 - 13 - 1) - -3.
-30
What is 5 + ((24 - 33) + 12 - (0 + -5))?
13
What is the value of (-7 + 2 - (-9 + -3)) + (-4 - 1)?
2
What is -160 + 163 + -10 + -1 + 4?
-4
4 + -5 + 4 + 37 + -13 + 9
36
Calculate -1 + -5 + 19 + -25 + 40 - 8.
20
(42 - (-9 - -12)) + -25
14
What is the value of -1 + -2 - (-3 + (2 - 3)) - 12?
-11
Evaluate -7 + (23 - 18 - -16).
14
Calculate -532 + 516 + 3 + 0 + 1.
-12
Calculate (-7 - (-3 + 2)) + 8 + -29 + 2.
-25
13 - (-3 - 0 - -21)
-5
What is (7 - -5 - -2) + -14 + (14 - 7)?
7
What is the value of -2 - (7 - (4 + 0))?
-5
What is the value of -403 + 424 + (1 - 29)?
-7
8 + (-84 - -89 - (-1 + 3))
11
Calculate (-16 - -49 - 31) + 28.
30
What is -23 + (-13 - (34 - 59))?
-11
Evaluate 9 + (-10 - -1) + (48 - 26).
22
(-2 - (10 + -4) - -1) + 43 + -6
30
Calculate 0 + (-1 + -15 - 6).
-22
What is the value of 25 - 40 - (0 + -9)?
-6
6 - (2 - (-4 - (2 - (-1 - 5))))
-8
What is the value of -1 + 3 + -2 + -8 + 5 + 12?
9
What is -18 - (6 + -31) - -6?
13
Evaluate 4 - (8 + -19 + 1) - -6 - -10.
30
Calculate (10 - 3 - (-42 + 45)) + -5.
-1
Calculate 24 - -2 - (-6 + -32 + 48).
16
Calculate -63 + 72 + -2 + -1.
6
What is 20 - (-19 + 30 + -9)?
18
Calculate 26 - (10 - (-1 - -5) - -6).
14
Calculate (8 - 8) + 2 + -4 + 21 + 4.
23
What is 4 + 5 + -12 + -5?
-8
What is 18 - (7 + 2 + 22)?
-13
(-1 - -2) + -2 - 4 - 9
-14
Calculate (-6 + (1 - -30) - 8) + (-6 - 1).
10
Evaluate 11 + (-16 - 10 - -6).
-9
What is (-8 - (-4 + 2) - (337 + -346)) + -7?
-4
Calculate 86 + -110 - (0 - (23 - 6)).
-7
Evaluate (-10 - (-25 + 30)) + -8.
-23
What is -24 + 3 - -27 - -7?
13
What is 4 + 7 + (-9 - 24) + 9?
-13
Calculate 3 + 2 + (-5 - (11 + -11 + -10)).
10
What is 47 + 2 + -44 - (2 + 2)?
1
Calculate 4 + (5 - 5) + -4 - 14.
-14
What is the value of (1 - 20 - -13) + 12?
6
What is the value of -22 + (17 - 10) + 6?
-9
Evaluate -33 + 3 + 12 + (3 - -1).
-14
Calculate -34 - -76 - 42 - (-2 - 1).
3
Evaluate (11 - -1 - -8) + -22.
-2
What is 4 - (-20 + (-7 - -17) + -4)?
18
What is the value of -8 - (19 + -20 - 12)?
5
Evaluate (4 - -7) + 11 + -21 - (1 + 4).
-4
What is 1 - -2 - (-19 - (-48 + 22))?
-4
0 + (-5 + (0 + -1 - -3) - -5)
2
What is -1 - ((-1 - -3) + 4) - (77 + -94)?
10
What is 17 - ((11 - 8) + (-7 - 1 - 2))?
24
Calculate -13 + 29 + 24 + -29.
11
Calculate (34 + -42 - (-4 - 1)) + -8 - 23.
-34
What is -11 - (10 + -17 - (1 - -16)) - 12?
1
Evaluate 21 - (42 - (-40 - -26)).
-35
What is the value of -4 - (10 + 2 + -15)?
-1
What is (9 - -1) + (-2 - -3) - 17?
-6
16 - 12 - (6 + (-10 + -6 - -1))
13
7 - (-9 - (3 + -1 + -9))
9
What is -8 + -16 + 14 + 5 + -9?
-14
Evaluate 4 + (0 - (8 - 6)) + 5 - 2.
5
What is the value of (8 - 6) + -20 - ((-3 - 7) + 8)?
-16
Calculate 215 + -225 - (0 - -8).
-18
What is -1 - (-766 + 777 + -8 + -1 + 2)?
-5
What is the value of -1 + 8 - ((14 - 10) + 24)?
-21
18 - (-3 - -12 - (1 + 12) - -1)
21
-85 + 80 - (0 + -18)
13
Calculate -17 + (-20 - -58) - 37.
-16
Evaluate 1 + -15 - (-51 - (-66 + 58)).
29
What is (2 - 8) + 0 + (-33 - (-81 - -58))?
-16
What is -5 - -11 - 2 - -2?
6
What is the value of 2 - (15 - (-14 - (-4 - -5)))?
-28
What is (-18 - 5 - -3) + 24 + -14 + 13?
3
-10 - (2 - (1 + 2 + 5 + -3))
-7
Evaluate -1 + -12 + 7 + (20 - (-2 + 2)).
14
Evaluate (0 - -6) + (-2 - -13 - 25).
-8
Evaluate 7 + (-16 - (5 - (-4 - -13))) + -23.
-28
Calculate 0 + 1 + -5 + (4 - 6) - -5.
-1
Evaluate -5 + 1 - (-24 + 80 - 40).
-20
Evaluate 5 + 30 + -35 + -15 + 3 + -3.
-15
-24 - -6 - (-1 + -14)
-3
What is 71 + -68 - (-10 + 3)?
10
Calculate (7 - (7 + 11 + (-10 - -4))) + -1.
-6
What is the value of -16 - (-7 - ((-5 - 0) + 0 - 0))?
-14
1 + 2 + (-13 - (16 - 27)) + 5
6
(1 + 7 - (9 + -15)) + -8 + -15
-9
Calculate -24 - (13 + -32) - 1.
-6
What is the value of 19 + (3 - 18) + 15 + -52?
-33
Calculate 2 + -8 + (-5 - -12) + 9.
10
Calculate -23 - ((-10 - (15 + -33)) + 5).
-36
-27 + (62 - 63) + 9 + 0
-19
What is the value of -1 + -5 + (-34 - -47) - (-3 - 7)?
17
Evaluate 2 + (13 - 12) + -5.
-2
What is the value of -369 - -344 - (-27 + 2)?
0
What is the value of -1 - (5 - 5) - -25 - (52 + -44)?
16
What is -13 - (5 + 23 - 11) - -1?
-29
What is the value of 5 + 0 + (7 - 9) + 0 + -10?
-7
Calculate -275 - -257 - (-6 - -1) - 6.
-19
What is 12 - -1 - (6 - (-2 + (3 - -6)))?
14
What is the value of (80 - 85) + (-3 + 7 - (17 - 2))?
-16
What is the value of -2 - (-1 + 4) - -2 - (11 + -12)?
-2
23 + -28 - (-1 + 10 - 32)
18
-2 + 11 + -9 + 0 + -11 + -1
-12
(-3 + 3 - -1) + 3 + -4 - -6
6
-12 - (-10 + 14 + 13 - 12)
-17
What is the value of -30 - (-26 + -5) - 4?
-3
Evaluate (-1 + -7 - -2) + -43 + 37 + 15.
3
61 + 8 + (-16 - 38)
15
What is -15 + -3 + 10 + 10 + 7?
9
What is (3 - (-24 + -1 + -15)) + -18?
25
Evaluate (-12 - 0) + 17 + 19 + -27.
-3
1 + 7 - ((8 - -19) + -28)
9
Calculate (163 + -81 - 71) + (-1 - (4 - 2)).
8
What is the value of 4 + -2 + 4 - (-532 - -531)?
7
Calculate -7 - ((-6 - (-1 + -6)) + (-10 - 0)).
2
Calculate (0 - (2 - 0)) + -60 + 58 - -8.
4
What is 27 + (12 - (-5 + 17 + 0))?
27
What is the value of (17 - -4) + (30 - 59) + 37?
29
Evaluate 6 + -8 + (-9 - 4).
-15
Evaluate 14 - (-14 - (-7 + -50 + 12)).
-17
Calculate (-1 - (11 + 1) - 10) + 5.
-18
What is the value of (17 - 8) + -7 - -1 - -8?
11
(9 - 2 - 12) + 8
3
What is -5 - 9 - -7 - (-7 + -2 - -22)?
-20
What is the value of -4 + -5 + -3 - (-21 + 9 - -8)?
-8
Evaluate 14 + 20 + -18 + -2.
14
What is the value of (-138 - -154) + -2 + 0 + 1 + -3?
12
What is the value of -16 + -9 + 39 + -36?
-22
Calculate (9 - 4) + (-3 - 5) + -7 + 6.
-4
What is the value of (-591 - -589) + 8 + 1 - 28?
-21
28 + -20 - (-1 - (0 + 1) - -5)
5
Calculate -9 - (9 + (-3 - 5)).
-10
Calculate 18 - (10 - (2 + 0 + -2)).
8
What is -117 + 119 - (6 + -1 + 1) - -10?
6
Calculate 4 + (-6 - -5) + 0 + 10.
13
Evaluate 5 - ((0 - -6) + -10 + 5).
4
What is -12 - (8 + 2 - 24)?
2
6 + -24 + 10 + 1
-7
What is 20 - 17 - (3 - 14)?
14
What is the value of 23 + -16 + -20 + -32 - -17?
-28
What is the value of 6 + -18 + 3 - -12?
3
Calculate (3029 - 3053) + 10 + (0 - 1).
-15
Calculate -13 - (16 + -12 - 10).
-7
Evaluate 25 + 6 + -13 - 14.
4
Calculate -10 + (-14 - (3 - 44)).
17
What is the value of (3 - 12 - -16) + -27?
-20
Evaluate -33 + 8 + (13 - -7 - 16).
-21
9 + (-12 - (11 - 7)) - (-6 + 2)
-3
(5 + -14 - -24) + -9
6
What is (0 - -8 - (2 + 0)) + 16 + -15?
7
10 - (1 + -7 + -32 - -16)
32
What is 2 + -1 - -7 - (-3 + -10 + 6)?
15
Calculate (28 - (34 - 12)) + 2 + 11.
19
Evaluate -15 + 7 + (1 - (8 - 32)).
17
What is the value of (93 - 92) + 9 + 5?
15
What is 594 + -618 + 1 + 26?
3
-4 + 19 - (0 + -4)
19
What is the value of (36 - 43) + (19 - 32) + -6 + 0?
-26
Calculate 1 + (1 - 2) + (-19 - (19 - 32)).
-6
What is the value of 9 - ((-10 - -27) + -1)?
-7
What is the value of 699 - 714 - (0 + 0 + -2 + -5)?
-8
(14 - 22) + 37 - 11
18
23 - (-38 - (-19 + 1) - -7)
36
What is -24 - -13 - (-36 - -8 - -6)?
11
What is -6 + 23 + (14 - 22)?
9
Calculate (-5 - 15) + -1 + -1 - -7.
-15
Calculate -25 + -5 + ((-5 - -2) + -4 - -8).
-29
What is the value of 102 - 105 - (15 - 4)?
-14
Calculate -7 - -29 - 4 - 17 - (-1 - -8).
-6
Calculate (-11 - -14 - (0 + 18)) + 2.
-13
Calculate ((-19 - -13) + (3 - 17) - 4) + 8.
-16
What is the value of 23 + -26 - 6 - (-1 + -11)?
3
What is 99 + -49 + -31 + 7?
26
What is (-19 - -22 - ((3 - 6) + 1)) + -8?
-3
Evaluate -6 + -2 - (-13 - ((-1 - 8) + -13)).
-17
7 -